{"id":249,"date":"2026-03-02T17:32:49","date_gmt":"2026-03-02T17:32:49","guid":{"rendered":"http:\/\/szybkablacha.pl\/?page_id=249"},"modified":"2026-04-17T16:21:40","modified_gmt":"2026-04-17T16:21:40","slug":"szybkablacha","status":"publish","type":"page","link":"https:\/\/szybkablacha.pl\/","title":{"rendered":"szybkablacha"},"content":{"rendered":"\t\t<div data-elementor-type=\"wp-page\" data-elementor-id=\"249\" class=\"elementor elementor-249\" data-elementor-post-type=\"page\">\n\t\t\t\t<div class=\"elementor-element elementor-element-3330d71 e-flex e-con-boxed e-con e-parent\" data-id=\"3330d71\" data-element_type=\"container\" data-e-type=\"container\" data-settings=\"{&quot;background_background&quot;:&quot;classic&quot;}\">\n\t\t\t\t\t<div class=\"e-con-inner\">\n\t\t<a class=\"elementor-element elementor-element-ea7efe7 e-con-full e-flex e-con e-child\" data-id=\"ea7efe7\" data-element_type=\"container\" data-e-type=\"container\" data-settings=\"{&quot;background_background&quot;:&quot;classic&quot;,&quot;animation&quot;:&quot;none&quot;}\" href=\"https:\/\/szybkablacha.pl\/index.php\/kategoria-produktu\/blacha-t-18\/\">\n\t\t\t\t<div class=\"elementor-element elementor-element-c9fe95e elementor-widget elementor-widget-heading\" data-id=\"c9fe95e\" data-element_type=\"widget\" data-e-type=\"widget\" data-widget_type=\"heading.default\">\n\t\t\t\t\t<h2 class=\"elementor-heading-title elementor-size-default\">tania<\/h2>\t\t\t\t<\/div>\n\t\t\t\t<div class=\"elementor-element elementor-element-f3d35c3 elementor-widget elementor-widget-heading\" data-id=\"f3d35c3\" data-element_type=\"widget\" data-e-type=\"widget\" data-widget_type=\"heading.default\">\n\t\t\t\t\t<h2 class=\"elementor-heading-title elementor-size-default\">Blacha T-18<\/h2>\t\t\t\t<\/div>\n\t\t\t\t<div class=\"elementor-element elementor-element-9d9f62d elementor-widget elementor-widget-heading\" data-id=\"9d9f62d\" data-element_type=\"widget\" data-e-type=\"widget\" data-widget_type=\"heading.default\">\n\t\t\t\t\t<h2 class=\"elementor-heading-title elementor-size-default\">od r\u0119ki<\/h2>\t\t\t\t<\/div>\n\t\t\t\t<\/a>\n\t\t<a class=\"elementor-element elementor-element-3d2286e e-con-full e-flex e-con e-child\" data-id=\"3d2286e\" data-element_type=\"container\" data-e-type=\"container\" data-settings=\"{&quot;background_background&quot;:&quot;classic&quot;,&quot;animation&quot;:&quot;none&quot;}\" href=\"https:\/\/szybkablacha.pl\/index.php\/produkt\/blachat18-na-wymiar\/\">\n\t\t\t\t<div class=\"elementor-element elementor-element-3104bdb elementor-widget elementor-widget-heading\" data-id=\"3104bdb\" data-element_type=\"widget\" data-e-type=\"widget\" data-widget_type=\"heading.default\">\n\t\t\t\t\t<h2 class=\"elementor-heading-title elementor-size-default\">tania<\/h2>\t\t\t\t<\/div>\n\t\t\t\t<div class=\"elementor-element elementor-element-090b3ee elementor-widget elementor-widget-heading\" data-id=\"090b3ee\" data-element_type=\"widget\" data-e-type=\"widget\" data-widget_type=\"heading.default\">\n\t\t\t\t\t<h2 class=\"elementor-heading-title elementor-size-default\">Blacha T-18<\/h2>\t\t\t\t<\/div>\n\t\t\t\t<div class=\"elementor-element elementor-element-bc5ce71 elementor-widget elementor-widget-heading\" data-id=\"bc5ce71\" data-element_type=\"widget\" data-e-type=\"widget\" data-widget_type=\"heading.default\">\n\t\t\t\t\t<h2 class=\"elementor-heading-title elementor-size-default\">na wymiar<\/h2>\t\t\t\t<\/div>\n\t\t\t\t<\/a>\n\t\t<a class=\"elementor-element elementor-element-0a0c370 e-con-full e-flex e-con e-child\" data-id=\"0a0c370\" data-element_type=\"container\" data-e-type=\"container\" data-settings=\"{&quot;background_background&quot;:&quot;classic&quot;,&quot;animation&quot;:&quot;none&quot;}\" href=\"https:\/\/szybkablacha.pl\/index.php\/kategoria-produktu\/parapety\/\">\n\t\t\t\t<div class=\"elementor-element elementor-element-fac8f24 elementor-widget elementor-widget-heading\" data-id=\"fac8f24\" data-element_type=\"widget\" data-e-type=\"widget\" data-widget_type=\"heading.default\">\n\t\t\t\t\t<h2 class=\"elementor-heading-title elementor-size-default\">tania<\/h2>\t\t\t\t<\/div>\n\t\t\t\t<div class=\"elementor-element elementor-element-a8624dd elementor-widget elementor-widget-heading\" data-id=\"a8624dd\" data-element_type=\"widget\" data-e-type=\"widget\" data-widget_type=\"heading.default\">\n\t\t\t\t\t<h2 class=\"elementor-heading-title elementor-size-default\">Parapety<\/h2>\t\t\t\t<\/div>\n\t\t\t\t<div class=\"elementor-element elementor-element-04554ed elementor-widget elementor-widget-heading\" data-id=\"04554ed\" data-element_type=\"widget\" data-e-type=\"widget\" data-widget_type=\"heading.default\">\n\t\t\t\t\t<h2 class=\"elementor-heading-title elementor-size-default\">na wymiar<\/h2>\t\t\t\t<\/div>\n\t\t\t\t<\/a>\n\t\t<a class=\"elementor-element elementor-element-5acd0bd e-con-full e-flex e-con e-child\" data-id=\"5acd0bd\" data-element_type=\"container\" data-e-type=\"container\" data-settings=\"{&quot;background_background&quot;:&quot;classic&quot;,&quot;animation&quot;:&quot;none&quot;}\" href=\"https:\/\/szybkablacha.pl\/index.php\/kategoria-produktu\/obrobka-na-wymiar\/\">\n\t\t\t\t<div class=\"elementor-element elementor-element-7fa464a elementor-widget elementor-widget-heading\" data-id=\"7fa464a\" data-element_type=\"widget\" data-e-type=\"widget\" data-widget_type=\"heading.default\">\n\t\t\t\t\t<h2 class=\"elementor-heading-title elementor-size-default\">tania<\/h2>\t\t\t\t<\/div>\n\t\t\t\t<div class=\"elementor-element elementor-element-b76d95e elementor-widget elementor-widget-heading\" data-id=\"b76d95e\" data-element_type=\"widget\" data-e-type=\"widget\" data-widget_type=\"heading.default\">\n\t\t\t\t\t<h2 class=\"elementor-heading-title elementor-size-default\">obr\u00f3bki<\/h2>\t\t\t\t<\/div>\n\t\t\t\t<div class=\"elementor-element elementor-element-ebafd0c elementor-widget elementor-widget-heading\" data-id=\"ebafd0c\" data-element_type=\"widget\" data-e-type=\"widget\" data-widget_type=\"heading.default\">\n\t\t\t\t\t<h2 class=\"elementor-heading-title elementor-size-default\">na wymiar<\/h2>\t\t\t\t<\/div>\n\t\t\t\t<\/a>\n\t\t<a class=\"elementor-element elementor-element-ad0a230 e-con-full e-flex e-con e-child\" data-id=\"ad0a230\" data-element_type=\"container\" data-e-type=\"container\" data-settings=\"{&quot;background_background&quot;:&quot;classic&quot;,&quot;animation&quot;:&quot;none&quot;}\" href=\"https:\/\/szybkablacha.pl\/index.php\/produkt\/stalowa-podsufitka\/\">\n\t\t\t\t<div class=\"elementor-element elementor-element-102514e elementor-widget elementor-widget-heading\" data-id=\"102514e\" data-element_type=\"widget\" data-e-type=\"widget\" data-widget_type=\"heading.default\">\n\t\t\t\t\t<h2 class=\"elementor-heading-title elementor-size-default\">stalowa  podsufitka<\/h2>\t\t\t\t<\/div>\n\t\t\t\t<div class=\"elementor-element elementor-element-cdfc58a elementor-widget elementor-widget-heading\" data-id=\"cdfc58a\" data-element_type=\"widget\" data-e-type=\"widget\" data-widget_type=\"heading.default\">\n\t\t\t\t\t<h2 class=\"elementor-heading-title elementor-size-default\">na wymiar<\/h2>\t\t\t\t<\/div>\n\t\t\t\t<\/a>\n\t\t<a class=\"elementor-element elementor-element-c286261 e-con-full e-flex e-con e-child\" data-id=\"c286261\" data-element_type=\"container\" data-e-type=\"container\" data-settings=\"{&quot;background_background&quot;:&quot;classic&quot;,&quot;animation&quot;:&quot;none&quot;}\" href=\"https:\/\/szybkablacha.pl\/index.php\/produkt\/sztacheta\/\">\n\t\t\t\t<div class=\"elementor-element elementor-element-475902a elementor-widget elementor-widget-heading\" data-id=\"475902a\" data-element_type=\"widget\" data-e-type=\"widget\" data-widget_type=\"heading.default\">\n\t\t\t\t\t<h2 class=\"elementor-heading-title elementor-size-default\">sztacheta \u017caluzja pozioma<\/h2>\t\t\t\t<\/div>\n\t\t\t\t<div class=\"elementor-element elementor-element-e8d048b elementor-widget elementor-widget-heading\" data-id=\"e8d048b\" data-element_type=\"widget\" data-e-type=\"widget\" data-widget_type=\"heading.default\">\n\t\t\t\t\t<h2 class=\"elementor-heading-title elementor-size-default\">na wymiar<\/h2>\t\t\t\t<\/div>\n\t\t\t\t<\/a>\n\t\t\t\t\t<\/div>\n\t\t\t\t<\/div>\n\t\t\t\t<\/div>\n\t\t","protected":false},"excerpt":{"rendered":"<p>tania Blacha T-18 od r\u0119ki tania Blacha T-18 na wymiar tania Parapety na wymiar tania obr\u00f3bki na wymiar stalowa podsufitka na wymiar sztacheta \u017caluzja pozioma na wymiar<\/p>\n","protected":false},"author":1,"featured_media":0,"parent":0,"menu_order":0,"comment_status":"closed","ping_status":"closed","template":"elementor_header_footer","meta":{"footnotes":""},"class_list":["post-249","page","type-page","status-publish","hentry"],"_links":{"self":[{"href":"https:\/\/szybkablacha.pl\/index.php\/wp-json\/wp\/v2\/pages\/249","targetHints":{"allow":["GET"]}}],"collection":[{"href":"https:\/\/szybkablacha.pl\/index.php\/wp-json\/wp\/v2\/pages"}],"about":[{"href":"https:\/\/szybkablacha.pl\/index.php\/wp-json\/wp\/v2\/types\/page"}],"author":[{"embeddable":true,"href":"https:\/\/szybkablacha.pl\/index.php\/wp-json\/wp\/v2\/users\/1"}],"replies":[{"embeddable":true,"href":"https:\/\/szybkablacha.pl\/index.php\/wp-json\/wp\/v2\/comments?post=249"}],"version-history":[{"count":88,"href":"https:\/\/szybkablacha.pl\/index.php\/wp-json\/wp\/v2\/pages\/249\/revisions"}],"predecessor-version":[{"id":964,"href":"https:\/\/szybkablacha.pl\/index.php\/wp-json\/wp\/v2\/pages\/249\/revisions\/964"}],"wp:attachment":[{"href":"https:\/\/szybkablacha.pl\/index.php\/wp-json\/wp\/v2\/media?parent=249"}],"curies":[{"name":"wp","href":"https:\/\/api.w.org\/{rel}","templated":true}]}}